 What is the greatest common factor of 29 and q?
29
Let l(t) = 59*t + 1476. Let j be l(-18). Calculate the greatest common divisor of 12972 and j.
138
Let s(r) = -r**3 - 24*r**2 - 5*r + 4. Let a be s(-24). Suppose 3*f - 86 = -2*l - 16, 3*l - 5*f = a. Calculate the greatest common divisor of 418 and l.
38
Let d(y) = 23*y - 7. Let c(a) = 46*a - 15. Let n(t) = -3*c(t) + 7*d(t). Let v be n(4). Let u = 37375 - 37364. What is the highest common divisor of u and v?
11
Let u be (6 - 420/77) + 1748/22 + -3. Let f(r) = r - 5 + r - 4*r. Let d be f(-6). What is the highest common divisor of u and d?
7
Suppose -11 = -h + 7. Suppose y + 2 = 0, 13*y - 12*y = -x - 34. Let d(o) = 3*o + 294. Let m be d(x). Calculate the highest common divisor of m and h.
18
Let c be ((-3 - -9) + -18059 - -11)*(-2)/6. What is the highest common factor of 186 and c?
62
Suppose -4368 = -5395*d + 5383*d. What is the highest common factor of d and 1008?
28
Suppose z + 3*f = -2 + 8, -4*z - 26 = 2*f. Let q be 20*z/(9/(-4)). Suppose -19 = -3*k + 11. What is the greatest common factor of k and q?
10
Suppose 11*t - 2100 = -4*t. Suppose -129*s + t*s = 374. What is the greatest common factor of s and 986?
34
Suppose 46*z - 3996 = -6*z + 16*z. What is the greatest common divisor of z and 1369?
37
Let t be 5*((-8)/(-12) + 2/6). Suppose -t*a - 2*d + 0*d = -650, 5*d = -25. Let n = -126 + a. What is the greatest common divisor of 54 and n?
6
Let u(v) = 2*v**2 - v - 2. Let g be u(-3). Let l(n) = -n**3 - 4*n**2 - 9*n + 45. Let m be l(-6). Calculate the highest common divisor of g and m.
19
Suppose -3*w = 21*w - 1176. Let z(q) = 4*q + 185. Let l be z(-46). Calculate the highest common divisor of l and w.
1
Suppose -4*p = 3*f - 2*f - 15345, 5*f + 29*p = 76743. What is the highest common factor of f and 98?
49
Let n(f) = f**2 + 2*f + 2116. Let c be n(0). Suppose -8*m + 964 = -c. What is the greatest common factor of m and 35?
35
Suppose 31*o - 35*o + 5124 = 4*f, f + 5*o = 1257. What is the greatest common factor of f and 4797?
117
Suppose 2*c - 4*l + 49 - 831 = 0, -4*l - 1564 = -4*c. What is the highest common divisor of 238 and c?
17
Let v(k) = k**2 + 116*k + 2764. Let s be v(-32). Calculate the highest common divisor of 9481 and s.
19
Let c be 111 + (-4 - -5)*-5*1. Suppose 271 = 15*g + c. Let x be (-2)/(-5) - (-876)/10. Calculate the highest common divisor of x and g.
11
Let a(p) = -p**3 - 69*p**2 - 83*p - 936. Let b be a(-68). What is the highest common factor of 1332 and b?
12
Let g(h) = h**2 - 120*h + 34. Let y be g(0). Calculate the greatest common factor of y and 12.
2
Let z(y) = -y - 6. Let q be z(-6). Suppose -51 + 6 = -3*p. Suppose q = 2*i - 19 - p. Calculate the highest common divisor of i and 68.
17
Let l be 29 + (4 - 6) + 3. Suppose 0*d = -3*d + i + l, 3*d - 3*i - 24 = 0. Let r = 1482 + -1306. What is the greatest common factor of r and d?
11
Let n = -13253 + 15697. What is the greatest common divisor of 8 and n?
4
Suppose -5*k - 162 + 3524 = 36*k. What is the highest common factor of k and 6150?
82
Let t be ((-3)/(-12)*0)/3 + 11. Suppose -7*x + 6*x + 88 = 0. Calculate the greatest common divisor of x and t.
11
Let w(n) = 48*n**2 - 96*n + 410. Let h be w(10). Calculate the greatest common factor of 34 and h.
34
Let y be 4/22 + 900/(-110). Let a be y/(-3)*(-9)/(-2). Calculate the highest common factor of 8 and a.
4
Suppose 722352 = 411*j - 113*j. What is the greatest common factor of j and 312?
24
Let b = -18 + 20. Suppose -3*y + b*y - 95 = -2*p, -4*y = 3*p - 170. Suppose 4*i = -5*v + 70, i + 1 + 14 = 2*v. What is the highest common factor of p and v?
10
Let x(b) = -b**2 - 342*b + 15. Let w be x(0). Calculate the highest common divisor of w and 16605.
15
Let o = -4487 + 4499. Calculate the highest common factor of o and 4188.
12
Suppose -2*x + 120*s = 124*s - 144, 3*x + 5*s = 212. Calculate the highest common factor of x and 3424.
32
Let r(y) = -12*y + 24. Let a be r(4). Let i = 55 + a. Suppose 3*g - i = -b, -1 = 5*b + 24. Calculate the highest common factor of 4 and g.
4
Let y(i) = -12*i + 44. Let v = -66 - -63. Let f be y(v). Calculate the greatest common factor of 32 and f.
16
Let x be 729/(9/3) + 10. Calculate the greatest common divisor of x and 22517.
253
Suppose 2*r - 87*l - 100 = -83*l, -3*l + 114 = 3*r. What is the highest common factor of 2712 and r?
6
Let q(n) = 4*n**3 - 5*n**2 + 3*n - 2. Let r be q(3). Let h be (7 - 10)/(1/(-51)). Let x = h + -139. Calculate the greatest common divisor of r and x.
14
Suppose -b - 611 = -5*u, -2*b + 886 - 263 = 5*u. Let p be 28/6 - 82/u. What is the greatest common divisor of p and 8?
4
Let t be 3/6*(-5 + 1). Let l be t*(-11 - (3 - 9)). Calculate the highest common factor of l and 160.
10
Suppose 0 = -i + 5*v - 13, -v - 77 = 4*i - 67. Let m be 3084/(-48)*-6 + i/2. What is the highest common factor of 6 and m?
6
Let a(i) = 377*i**2 + 3*i + 3. Let n be a(-1). Let w = -375 + n. Calculate the highest common divisor of w and 34.
2
Let g = 35 + -20. Suppose 0 = -4*u - 7 + g. Let c be 6/u + 5*12. What is the greatest common divisor of c and 7?
7
Let c be (1440/330)/(1/11). Suppose -f = -0*f - 60. Calculate the greatest common factor of f and c.
12
Let z = -2374 + 2387. Let g = 290 + 48. What is the greatest common factor of z and g?
13
Let z be (-4 - 8/(-2))*(-2)/(-6). Suppose 11*r - 10*r - 675 = z. Calculate the highest common factor of 75 and r.
75
Let h(f) = 3*f + 2. Let a be h(-4). Let y be a/25 - 24/(-10). Let v = -369 + 375. Calculate the highest common divisor of v and y.
2
Let m(d) = -4*d**2. Let g be m(-1). Let s be (-2)/((g/(-468))/(-1)). What is the greatest common factor of 6 and s?
6
Let h = -299 - -144. Let r = h + 165. What is the highest common factor of 130 and r?
10
Suppose -4*s + 66359 = d, -d = -5*s + 42464 + 40478. What is the highest common divisor of 53 and s?
53
Let w be 11 - (-9)/((-153)/(-374)). Calculate the greatest common divisor of 3377 and w.
11
Suppose 115*l - 673 = 114*l + 3*u, 0 = 3*l + 5*u - 2005. Suppose 5*w - 3*b - 341 = 0, -2*w + 191 = w + 5*b. Calculate the highest common divisor of l and w.
67
Let n be 5*((-273)/(-585))/((-1)/(-18)). What is the highest common factor of 1146 and n?
6
Suppose 2*q + 4797 = 4833. Calculate the greatest common divisor of q and 146.
2
Let l(k) = 10*k + 202. Let u be l(17). Let b be ((-54)/(-81))/(2/u). Calculate the greatest common divisor of b and 310.
62
Let w = 9 - 7. Suppose -w*n + 644 = -22. What is the highest common factor of 37 and n?
37
Suppose 0 = 3*d - 6, 0 = 2*m + 4*d + 432 + 166. Let q = 396 + m. Calculate the highest common divisor of q and 62.
31
Suppose 4*q - 5*o - 664 = 0, -27 = -q + 3*o + 146. Suppose -4*w = -127 - q. Let c = 8172 - 8164. What is the highest common divisor of w and c?
8
Let o(k) = k**3 + 5*k**2 + 2*k - 10. Let j be o(2). Suppose -j*i + 569 = -201. What is the highest common divisor of 945 and i?
35
Suppose -3652*g - 1271277 = -3715*g. Calculate the greatest common divisor of 34 and g.
17
Let h be (-2)/(-4) + (-735)/10 + -4. Let z be h*(-2)/8 - 50/200. What is the highest common factor of 114 and z?
19
Let f(z) = 819*z - 35. Let y be f(1). Let a = y + -725. Calculate the highest common divisor of a and 1475.
59
Suppose -4*d - 4608 = 4*m - 14760, 12720 = 5*d - 5*m. Calculate the greatest common divisor of d and 42.
21
Let u(i) = 8*i + 384. Let l be u(-47). Calculate the greatest common divisor of 1256 and l.
8
Let u(c) = 2*c + 10. Let h(y) = y**2 - 17*y + 51. Let j be h(14). Let w be u(j). What is the greatest common factor of 28 and w?
28
Suppose 14*s + 116 = -66. Let k = 20 - s. What is the greatest common divisor of 22 and k?
11
Suppose 130*u = 44*u + 73*u + 351. Let c be ((-30)/(-9))/((-3)/(-9)). Suppose -17 = -3*o + c. Calculate the highest common factor of u and o.
9
Let n = -120 - -139. Let i = -446 - -655. Calculate the highest common divisor of i and n.
19
Let m(l) = 809*l + 189. Let z be m(2). What is the highest common factor of 13 and z?
13
Let v(h) = 5*h**2 + 7*h + 10. Suppose -4*n + 30 = 3*b - 8*b, 0 = -b + 2*n. Let w be v(b). What is the highest common factor of 55 and w?
55
Let l be 6/(-12)*-3 - (-3188)/8. Let c = -399 + l. What is the highest common divisor of c and 29?
1
Suppose -i = -h + 6 - 9, -4*h + i = -3. Suppose 7*t = 2*p